 = 5 - w. Let y be -2*(1 + 1/p). Let k(i) = -i. Calculate k(y).
1
Let w(v) be the second derivative of v**8/6720 - v**7/504 - v**6/360 + v**5/20 - v**4/6 - 3*v. Let d(i) be the third derivative of w(i). Give d(5).
-4
Let m(w) = w - 4. Suppose 4*a + 2 = c + a, -5*c = -5*a - 20. Determine m(c).
1
Let c(y) = y**3 + 7*y**2 - 8*y - 7. Let o be -3 + 2 + (2 - 1). Suppose o*d - 32 = 4*d. Determine c(d).
-7
Let r(x) = -14*x**3 - 5*x**2 + 3*x**2 + 15*x**3 - 1 - 4*x. Give r(3).
-4
Let o(u) = -10*u**2 - 6*u - 1. Let m be (-1)/(-2)*10 - 3. Let x(y) = 2 + 7*y**2 - m*y - 2 + 6*y + 1. Let r(b) = -5*o(b) - 7*x(b). Calculate r(2).
6
Let l(d) be the third derivative of -d**4/8 - d**3/2 + 5*d**2. Give l(-5).
12
Let q = 4 + -1. Suppose -2 = q*s - 8, -4*s = -3*r + 1. Suppose -r*i = -4*i + 4. Let p(o) = o**2 - 3*o - 3. What is p(i)?
1
Let n(k) = k**3 - 4*k**2 + 2*k. Let z be (-48)/60*(-5 + 0). Give n(z).
8
Let i(v) be the first derivative of v**4/4 - 4*v**3/3 - 5*v**2/2 + 6*v + 2. Determine i(5).
6
Let f be 0 + 6 + -3 + 2. Let d(s) = f*s**2 - 3*s**2 - s**2. Let q = 0 + 1. Calculate d(q).
1
Let m = 57 - 41. Suppose 31 = 3*o - 5*l, -3*l = -3*o - l + m. Let p(c) = 5*c**3 + 0 - 1 - c - 6*c**2 + 7*c**o. What is p(-1)?
-4
Let y(f) = -f**2 + 4*f - 1. Let r = -7 + 9. Let s be -2*(-10)/8*r. Calculate y(s).
-6
Let u(a) = a + 5. Let v = -15 - -8. Let q be u(v). Let r(p) = -3*p**2 + 1 - 2*p + 0*p + 0*p. Calculate r(q).
-7
Let y(k) be the second derivative of k**4/12 - k**3/6 - 2*k**2 + 9*k + 1. Give y(3).
2
Suppose 0*l - 5*b + 4 = -4*l, l - 3*b = -1. Let j(g) be the first derivative of -3*g**4/4 - g**3/3 - g**2/2 - g - 2. Give j(l).
2
Let o(x) = -x**3 - 8*x**2 - 2*x - 15. Let i be o(-8). Let d(w) = 2*w - 1. Calculate d(i).
1
Let x = 0 - -3. Suppose -4*q + 12 = -2*q. Let l(k) = x*k - 1 + q*k - 3*k. What is l(1)?
5
Let x(t) = -5*t + 7. Suppose 4 = -5*m + 29. What is x(m)?
-18
Let s(g) = -10*g. Let f(h) = -h**3 + 11*h**2 - 2*h + 23. Let i be f(11). What is s(i)?
-10
Let k(z) be the first derivative of -z**3/3 - 3*z**2 + 2*z + 7. Determine k(-3).
11
Let b be -3 + (-1)/((-2)/18). Let m(w) be the third derivative of 0*w - 5/6*w**3 + 1/120*w**b + 0 - w**2 + 1/12*w**5 + 1/8*w**4. Give m(-4).
-1
Suppose 4*g - 10 = -g. Let v(y) = g - 3*y - 5 + 3. Determine v(2).
-6
Let q(j) = -7*j - 14. Let f(p) = -5*p - 9. Let n(m) = -8*f(m) + 5*q(m). Determine n(-2).
-8
Let n be (-2)/(-9) - 520/(-90). Let x(j) = -4*j**3 - 7*j**2 + j - 10. Let f(s) = -s**3 - s - 1. Let a(k) = -5*f(k) + x(k). Determine a(n).
-5
Suppose -1 = -0*b - b + t, 2*t - 4 = -b. Let l(i) = i**2 + 0*i**b - i**3 - 2 + i + 4. What is l(2)?
0
Let h(u) = -u**3 - 6*u**2 + 17*u + 5. Let w be h(-8). Let v(g) = g**3 + 4*g**2 + 3*g + 2. Give v(w).
2
Suppose 3*y - 2*t - 2 = -0*t, 2*y = 2*t. Let w(l) = -1. Let g(p) = -p. Let v(u) = -5*u - 4. Let m(i) = 6*g(i) - v(i). Let s(r) = -m(r) - 4*w(r). Give s(y).
2
Suppose 3*i - 9*i = -18. Let h(q) = -2*q - 3. Determine h(i).
-9
Suppose 4*r = -4*a, a + a = 3*r - 10. Let d(q) = 5*q + 2*q**2 - 2*q**2 - q**r. Suppose -b + 17 = 3*y, -3*y + 2*b + 0*b + 2 = 0. Calculate d(y).
4
Let s(q) = -5 - 11*q + 0 + 3*q + q**2 + 2*q. Let n(j) = -3*j**2 + 17*j + 15. Let r(m) = 3*n(m) + 8*s(m). Determine r(6).
-13
Let z = -11 + 16. Let w(x) = -x**3 + 4*x**2 + 3*x + 3. Determine w(z).
-7
Let m(a) = -5*a - 8. Let h(p) = 4*p + 7. Suppose 4 = b + 1. Let f(y) = b*m(y) + 4*h(y). Determine f(6).
10
Let g(x) = 5*x**3. Suppose 0 = 2*a - 2*u - 12, 3*a - u = 7 + 1. Give g(a).
5
Let t(z) be the first derivative of z**2 + 1/4*z**4 + 1/3*z**3 + 3*z + 1. Calculate t(-2).
-5
Let c(k) = 6*k + 0 + 11*k - 2*k**2 - 6 - 10*k. Let r = 5 + -1. Calculate c(r).
-10
Suppose 3*p = w + 9, 2 = -p + 6. Let j(c) = 2*c - 5*c - w*c + c**2 - 6. Calculate j(7).
1
Let d(n) be the first derivative of 3*n**2 - 7*n - 1 - 1/3*n**3. What is d(6)?
-7
Let d(x) be the second derivative of x**4/24 - x**3/2 - 2*x**2 - 4*x. Let c(q) be the first derivative of d(q). Calculate c(6).
3
Let x(s) = -s - 1. Let a(j) be the first derivative of j + 3. Let u(o) = 4*a(o) + x(o). Let c be (-4)/(-6) - (-4)/(-6). What is u(c)?
3
Let s(h) = 4 + 0*h**2 - h - h**3 - 5*h**2 + 2*h**3. Suppose -2*o = 0, -2*j = 2*j + 3*o - 20. Give s(j).
-1
Let f(d) = 6*d - 3 - 6*d**2 + 32*d**3 + 28*d**3 - 1 - 59*d**3. Give f(4).
-12
Let p(r) be the third derivative of r**5/60 - r**4/24 - r**3/6 - 35*r**2. Give p(3).
5
Let i be (20/12 - 3) + 3. Let d(b) be the first derivative of -1/4*b**4 - 5/2*b**2 + 2 + b - i*b**3. Determine d(-4).
5
Let z(s) = -s**2 - 3*s**2 - 2*s**2. Let i(l) = -l**2 - 7*l - 5. Let m be i(-6). Determine z(m).
-6
Let x(j) be the first derivative of 5*j - 3*j**2 - 4 + 1/3*j**3. What is x(6)?
5
Suppose 3*n = 2*a - 13, -9 = -4*a + 3*n + 8. Let y(r) = -3 - 4*r + 3 + 2. Give y(a).
-6
Suppose 0 = -g - 1 + 9. Suppose -2*n + g = 4*j - 10, -3*n = 2*j - 7. Let b(d) be the first derivative of -d**4/4 + 4*d**3/3 + 2*d**2 + 4*d + 1. Determine b(j).
-1
Let x(l) be the first derivative of 1/3*l**3 + l + l**2 - 3. Determine x(-2).
1
Let v(l) = 3*l**3 - 6*l**2 - 6*l + 3. Let n(o) = 8*o**3 - 18*o**2 - 18*o + 8. Let w(a) = 4*n(a) - 11*v(a). Determine w(-4).
-9
Let q(r) be the third derivative of -2/3*r**3 + 0*r + 9*r**2 + 0*r**4 + 0 + 1/120*r**6 + 1/10*r**5. Determine q(-6).
-4
Let m(z) = -2 + 12*z + 0 + 3 + 2. Determine m(-2).
-21
Let f(i) = -i**2 + 0*i**2 - i**3 + 3 - 4*i + 7*i. Give f(-3).
12
Let h(q) be the third derivative of -q**6/120 + q**5/15 + q**4/6 - q**3 - 6*q**2. Determine h(5).
-11
Let d(l) be the first derivative of 3*l - 6*l**2 + 4 - 3*l**2 + 7*l**2. Give d(2).
-5
Suppose -3*w - 15 = -4*l, 0 = 7*w - 2*w + l + 25. Let k(d) = d**3 + 6*d**2 + 5*d + 4. What is k(w)?
4
Let j(k) be the third derivative of k**7/5040 + k**6/360 - k**5/60 + 2*k**2. Let f(p) be the third derivative of j(p). Let g = 3 + -4. Determine f(g).
1
Let s(b) be the second derivative of -b**4/12 - b**3/6 + b**2 + b. Suppose 4*p - 6 = -2*k, -5*p = -0*p - 4*k - 14. Give s(p).
-4
Let n(k) = -k - 13*k - 1 + 11 + 6*k - k**3 + 9*k**2. Calculate n(8).
10
Let p(k) be the third derivative of k**7/840 - k**6/360 - k**5/120 + k**4/12 + k**3/2 - 2*k**2. Let h(l) be the first derivative of p(l). Calculate h(2).
4
Let t(b) = -6*b + 6*b + 5*b + b. Give t(-2).
-12
Let r(n) = 5*n - 3. Let z(f) = -4*f + 2. Suppose -i = -5*i + 12. Let o(b) = i*r(b) + 4*z(b). Let j = -7 + 11. Give o(j).
-5
Let v(b) be the second derivative of 2/3*b**3 - 3*b**2 + 1/12*b**4 + 6*b + 0. Determine v(-5).
-1
Let b(u) = -7*u**2 + 2*u + 7. Let o(i) = 8*i**2 - 2*i - 8. Let q(c) = -7*b(c) - 6*o(c). Give q(-1).
2
Let z(n) = n**2 - 6*n + 8. Let k be z(5). Let v(r) = -r - 3. Calculate v(k).
-6
Let n(h) = -15*h - 10. Let l(m) = 5*m + 3. Let u(x) = 7*l(x) + 2*n(x). What is u(-2)?
-9
Let b(n) = n**2 + 1. Suppose 2*q = -y + 13, -4*q - 38 = -4*y - 10. Let t be (-34)/(-6) + 3/y. Suppose 0 = w - 4*w + t. Give b(w).
5
Let n(m) = -m**2 - 2*m**2 - 3*m + 18*m**3 - 19*m**3. Determine n(-3).
9
Let r(z) = 4*z**2 + 2*z**2 - 7 - 2*z**2 - 9*z + z**3 + 3*z. Calculate r(-5).
-2
Let x(o) = o**3 - 56*o**2 + 0*o**3 + 50*o**2 + 4*o + 4. What is x(5)?
-1
Let l(g) be the second derivative of 3/2*g**2 + 1/4*g**4 - 1/20*g**5 + 5*g + 1/3*g**3 + 0. Calculate l(3).
9
Let c(j) = 78*j - 161*j + 79*j. Calculate c(3).
-12
Let j(q) = q + 8. Let c be (20 + 2)*1/2. Suppose 0 = -2*m + 3 - c. Determine j(m).
4
Let v(w) = -w. Let c(o) = -2*o - 9. Let t = 14 - 17. Let q(n) = t*v(n) + c(n). Calculate q(6).
-3
Suppose 18*o = 15*o + 24. Suppose -o*s = -9*s + 2. Let l(k) = -k**3 + 3*k**2 - 2*k + 2. Determine l(s).
2
Suppose -2*g = 2*g - 12. Let u(n) = -2 - n**g - 3*n**2 + 4*n**2 + 3*n**2. Suppose -4*q + 3*q + 4 = 0. Determine u(q).
-2
Let i(r) be the second derivative of r**5/5 + r**3/6 + r**2/2 + 3*r. What is i(-1)?
-4
Let o(r) = r**2 - 2*r - 2. Suppose -3*l - 2*l = -20. Give o(l).
6
Let n(q) = q**3 - q**2 - q + 4. Let g(z) = -z**2 + 9*z - 14. Let t be g(7). Determine n(t).
4
Suppose 23 = -3*h + 5. Let b(r) = -9 + 1 - r**3 - 6*r**2 - 2*r + 0. Give b(h).
4
Let o(p) = -p**3 + 5*p**2 + 4. Let v = -6 - -7. Let j be v - ((-6)/(-2) + 4). Let y = 11 + j. Calculate o(y).
4
Let x(g) = 1. Let r(h) = -h - 1. Let u(n) = 3*r(n) + x(n). Give u(-4).
10
Let g(k) = k - 2. Let u(j) = -2*j + 9. Let m be u(6). Let l = m + -2. Let